{"id":420,"date":"2014-11-04T16:09:25","date_gmt":"2014-11-04T19:09:25","guid":{"rendered":"https:\/\/2014.salvador.wordcamp.org\/?page_id=420"},"modified":"2014-11-07T18:31:51","modified_gmt":"2014-11-07T21:31:51","slug":"guia-wordcamp-salvador","status":"publish","type":"page","link":"https:\/\/salvador.wordcamp.org\/2014\/sobre-o-evento\/guia-wordcamp-salvador\/","title":{"rendered":"Guia WordCamp Salvador"},"content":{"rendered":"<h2>Localiza\u00e7\u00e3o<\/h2>\n<p>O evento vai acontecer na <strong>Faculdade 2 de Julho<\/strong>, que fica situada na Avenida Leovigildo Filqueiras, n\u00ba 81, Garcia, Salvador, Bahia.<\/p>\n<div class=\"googlemaps\">\n\t\t\t\t<iframe loading=\"lazy\" width=\"880\" height=\"450\" frameborder=\"0\" scrolling=\"no\" marginheight=\"0\" marginwidth=\"0\"  src=\"https:\/\/www.google.com\/maps\/embed?pb=!1m14!1m8!1m3!1d7775.3743557146745!2d-38.51675!3d-12.991849!3m2!1i1024!2i768!4f13.1!3m3!1m2!1s0x0:0xedaa26703f75fdcc!2sCol\u00e9gio%202%20de%20Julho!5e0!3m2!1spt-BR!2s!4v1415113049959\"><\/iframe>\n\t\t\t<\/div>\n<h2 class=\"title_como\">Como chegar<\/h2>\n<h3>DO AEROPORTO:<\/h3>\n<p>Se voc\u00ea est\u00e1 vindo de avi\u00e3o e vai direto para o evento temos duas op\u00e7\u00f5es para voc\u00ea chegar.<\/p>\n<p><strong>Op\u00e7\u00e3o econ\u00f4mica:<\/strong> No terminal de \u00f4nibus do Aeroporto, pegue o \u00f4nibus &#8220;Pra\u00e7a da S\u00e9&#8221;, n\u00famero S002. A passagem custa R$2,80. Voc\u00ea vai conhecer grande parte da orla mar\u00edtima de Salvador e, depois disso, vai descer na rua Rua Carimbamba &#8211; sugerimos que sente perto do Cobrador e solicite que ele chame a sua aten\u00e7\u00e3o quando estiver pr\u00f3ximo ao seu destino. Feito isso, voc\u00ea vai pegar outro \u00f4nibus, o Com\u00e9rcio R2, n\u00famero 1362. Des\u00e7a na Av. Leovigildo Filgueiras e ande aproximadamente 300 metros at\u00e9 a Faculdade 2 de Julho (que tamb\u00e9m \u00e9 o Col\u00e9gio 2 de Julho, caso precise pedir informa\u00e7\u00e3o \u00e3 algu\u00e9m).<\/p>\n<p><strong>Op\u00e7\u00e3o r\u00e1pida:<\/strong> Pegue um taxi, vai custar aproximadamente R$ 61,51 &#8211; exceto um Taxi Cometa, aqueles exclusivos do aeroporto, que ser\u00e1 mais caro.<\/p>\n<p>Se voc\u00ea vai de taxi, saia do aeroporto e vai encontrar diversos taxis comum, sai muito mais em conta.<\/p>\n<h3>DA RODOVI\u00c1RIA:<\/h3>\n<p><strong>Opc\u00e3o econ\u00f4mica:<\/strong> No ponto de \u00f4nibus em frente ao Terminal Rodovi\u00e1rio de Salvador, pegue o \u00f4nibus Garcia. A passagem custa R$2,80 e voc\u00ea ir\u00e1 descer praticamente na porta da Faculdade 2 de Julho. Por seguran\u00e7a, sugerimos que sente perto do Cobrador e solicite que ele chame a sua aten\u00e7\u00e3o quando estiver pr\u00f3ximo ao seu destino.<\/p>\n<p><strong>Op\u00e7\u00e3o r\u00e1pida: <\/strong>Pegue um taxi, vai custar aproximadamente R$ 22,86.<\/p>\n<h2>Onde se hospedar<\/h2>\n<p>O WordCamp Salvador acontece no bairro do Garcia, perto do Campo Grande, Corredor da Vit\u00f3ria, Barra e v\u00e1rios outros bairros referenciais em Salvador, que oferecem diversas op\u00e7\u00f5es de hospedagem &#8211; inclusive, com uma grande variedade de pre\u00e7os. Entre hostels, pousadas e hot\u00e9is, uma di\u00e1ria da hospedagem pode variar entre R$ 100,00 a R$ 288,00. Se voc\u00ea quer aproveitar a vinda para o WordCamp para conhecer (ou desfrutar mais) a cidade, sugerimos que busque um hotel que esteja no meio do caminho entre seus pontos tur\u00edsticos prediletos e a Faculdade 2 de Julho.<\/p>\n<p>Voc\u00ea pode pesquisar por hot\u00e9is no Rio Vermelho tamb\u00e9m, n\u00e3o \u00e9 t\u00e3o perto do evento mas tem \u00f3timas op\u00e7\u00f5es e o WordCana provavelmente ser\u00e1 pro lado de l\u00e1, ent\u00e3o t\u00e1 valendo tamb\u00e9m.<\/p>\n<h3>Barra<\/h3>\n<p>O bairro da Barra \u00e9 bem pr\u00f3ximo a orla e de alguns dos principais pontos tur\u00edsticos de Salvador, como por exemplo o porto da Barra e o Cristo. Al\u00e9m disso fica a aproximadamente 5 minutos do local do evento, de t\u00e1xi, e 15 minutos de \u00f4nibus.<\/p>\n<p><a href=\"http:\/\/www.booking.com\/hotel\/br\/barra-guest-hostel.pt-br.html?aid=354409;label=salvador-gCye8U2gndCRIZS4QftcBgS22497677343%3Apl%3Ata%3Ap1280%3Ap2%3Aac%3Aap1t1%3Aneg;sid=68cf6a203b810bb19bebcef1df016aa1;dcid=1;checkin=2014-12-05;checkout=2014-12-07;ucfs=1;srfid=84680bdf4aef64e080a5051c37b39b42995f6617X1;highlight_room=53636201\" title=\"Barra Guest Hostel\" target=\"_blank\">Barra Guest Hostel<\/a><br \/>\n<strong>Pre\u00e7o:<\/strong> R$ 78,00 com caf\u00e9 da manh\u00e3<br \/>\n<strong>Avalia\u00e7\u00e3o Booking:<\/strong> 8.9<\/p>\n<p><a href=\"http:\/\/www.booking.com\/hotel\/br\/hostel-barra.pt-br.html?aid=354409;label=salvador-gCye8U2gndCRIZS4QftcBgS22497677343%3Apl%3Ata%3Ap1280%3Ap2%3Aac%3Aap1t1%3Aneg;sid=68cf6a203b810bb19bebcef1df016aa1;dcid=1;checkin=2014-12-05;checkout=2014-12-07;ucfs=1;srfid=84680bdf4aef64e080a5051c37b39b42995f6617X2;highlight_room=35622202\" target=\"_blank\">Hostel Barra<\/a><br \/>\n<strong>Pre\u00e7o:<\/strong> R$ 80,00<br \/>\n<strong>Avalia\u00e7\u00e3o Booking:<\/strong> 7.9<\/p>\n<p><a href=\"http:\/\/www.booking.com\/hotel\/br\/pousada-papaya-verde.pt-br.html?aid=354409;label=salvador-gCye8U2gndCRIZS4QftcBgS22497677343%3Apl%3Ata%3Ap1280%3Ap2%3Aac%3Aap1t1%3Aneg;sid=68cf6a203b810bb19bebcef1df016aa1;dcid=1;checkin=2014-12-05;checkout=2014-12-07;ucfs=1;srfid=84680bdf4aef64e080a5051c37b39b42995f6617X8;highlight_room=36302005\" target=\"_blank\">Hotel Pousada Papaya Verde<\/a><br \/>\n<strong>Pre\u00e7o:<\/strong> R$ 200,00<br \/>\n<strong>Avalia\u00e7\u00e3o Booking:<\/strong> 8.3<\/p>\n<h3>Centro Hist\u00f3rico de Salvador<\/h3>\n<p>O centro hist\u00f3rico fica a 10 minutos de t\u00e1xi para o local do evento e 20 minutos de \u00f4nibus, \u00e9 um dos principais pontos de Salvador, perto do local do evento e perto do Pelourinho. Se voc\u00ea est\u00e1 vindo \u00e0 Salvador n\u00e3o pode deixar de dar um pulinho no Pelourinho, assistir uma roda de capoeira, beber um cravinho, visitar as igrejas e apreciar os casar\u00f5es.<\/p>\n<p><a href=\"http:\/\/www.booking.com\/hotel\/br\/hostel-patua.pt-br.html?aid=354409;label=salvador-gCye8U2gndCRIZS4QftcBgS22497677343%3Apl%3Ata%3Ap1280%3Ap2%3Aac%3Aap1t1%3Aneg;sid=68cf6a203b810bb19bebcef1df016aa1;dcid=4;checkin=2014-12-05;checkout=2014-12-07;ucfs=1;srfid=0deca4571799d8eb087b7709c41387a60d4e1b0bX1;highlight_room=91382108\" target=\"_blank\">Hostel Patu\u00e1<\/a><br \/>\n<strong>Pre\u00e7o:<\/strong> R$ 51,00<br \/>\n<strong>Avalia\u00e7\u00e3o Booking:<\/strong> 8.1<\/p>\n<p><a href=\"http:\/\/www.booking.com\/hotel\/br\/hostel-pousada-pais-tropical.pt-br.html?aid=354409;label=salvador-gCye8U2gndCRIZS4QftcBgS22497677343%3Apl%3Ata%3Ap1280%3Ap2%3Aac%3Aap1t1%3Aneg;sid=68cf6a203b810bb19bebcef1df016aa1;dcid=4;checkin=2014-12-05;checkout=2014-12-07;ucfs=1;srfid=0deca4571799d8eb087b7709c41387a60d4e1b0bX2;highlight_room=33680204\" target=\"_blank\">Hostel Pousada Pa\u00eds Tropical<\/a><br \/>\n<strong>Pre\u00e7o:<\/strong> R$ 58,00<br \/>\n<strong>Avalia\u00e7\u00e3o Booking:<\/strong> 7.6<\/p>\n<p><a href=\"http:\/\/www.booking.com\/hotel\/br\/arthemis-e-pousada.pt-br.html?aid=354409;label=salvador-gCye8U2gndCRIZS4QftcBgS22497677343%3Apl%3Ata%3Ap1280%3Ap2%3Aac%3Aap1t1%3Aneg;sid=68cf6a203b810bb19bebcef1df016aa1;dcid=4;checkin=2014-12-05;checkout=2014-12-07;ucfs=1;srfid=0deca4571799d8eb087b7709c41387a60d4e1b0bX6;highlight_room=50630802\" target=\"_blank\">Arthemis Hotal e Pousada<\/a><br \/>\n<strong>Pre\u00e7o:<\/strong> R$ 70,00<br \/>\n<strong>Avalia\u00e7\u00e3o booking:<\/strong> 7.3<\/p>\n<h3>Ondina<\/h3>\n<p>O bairro de Ondina fica a mais ou menos 10 minutos de t\u00e1xi para o local do evento e 25 minutos de \u00f4nibus.<\/p>\n<p><a href=\"http:\/\/www.booking.com\/hotel\/br\/oceanico-ondina.pt-br.html?aid=354409;label=salvador-gCye8U2gndCRIZS4QftcBgS22497677343%3Apl%3Ata%3Ap1280%3Ap2%3Aac%3Aap1t1%3Aneg;sid=68cf6a203b810bb19bebcef1df016aa1;dcid=1;checkin=2014-12-05;checkout=2014-12-07;ucfs=1;srfid=8b9ff3f76657eb77d98ca867c5301f5ce8d9dba9X1;highlight_room=19071501\" target=\"_blank\">Oceania Ondina<\/a><br \/>\n<strong>Pre\u00e7o:<\/strong> R$ 280,00<br \/>\n<strong>Avalia\u00e7\u00e3o Booking:<\/strong> 6.4<\/p>\n<h3>Rio vermelho<\/h3>\n<p>Das op\u00e7\u00f5es aqui listadas este \u00e9 o bairro mais distante do local do evento, cerca de 30 minutos de t\u00e1xi e 50 minutos de \u00f4nibus, mas Para quem gosta de curtir a noite o Rio Vermelho \u00e9 o lugar. L\u00e1 voc\u00ea estar\u00e1 perto da praia, de uma duas das baianas de acaraj\u00e9 mais famosas de Salvador, Dinha e Cira, e diversos bares e restaurantes com m\u00fasica ao vivo.<\/p>\n<p><a href=\"http:\/\/www.booking.com\/hotel\/br\/el-misti-hostel-salvador.pt-br.html?aid=354409;label=salvador-gCye8U2gndCRIZS4QftcBgS22497677343%3Apl%3Ata%3Ap1280%3Ap2%3Aac%3Aap1t1%3Aneg;sid=68cf6a203b810bb19bebcef1df016aa1;dcid=1;checkin=2014-12-05;checkout=2014-12-07;ucfs=1;srfid=87c39ee745f805a07cd004abfea6b99fcf1cad5fX1;highlight_room=41176507\" target=\"_blank\">El Misti Hostel<\/a><br \/>\n<strong>Pre\u00e7o:<\/strong> R$ 39,80<br \/>\n<strong>Avalia\u00e7\u00e3o Booking:<\/strong> 7.0<\/p>\n<p><a href=\"http:\/\/www.booking.com\/hotel\/br\/albergue-pedra-da-sereia.pt-br.html?aid=354409;label=salvador-gCye8U2gndCRIZS4QftcBgS22497677343%3Apl%3Ata%3Ap1280%3Ap2%3Aac%3Aap1t1%3Aneg;sid=68cf6a203b810bb19bebcef1df016aa1;dcid=1;checkin=2014-12-05;checkout=2014-12-07;ucfs=1;srfid=87c39ee745f805a07cd004abfea6b99fcf1cad5fX2;highlight_room=26728501\" target=\"_blank\">Albergue Pedra da Sereia<\/a><br \/>\n<strong>Pre\u00e7o:<\/strong> R$ 90,00<br \/>\n<strong>Avalia\u00e7\u00e3o Booking:<\/strong> 8.4<\/p>\n<p>Abaixo segue o google maps com mais algumas op\u00e7\u00f5es de hotel para voc\u00ea.<\/p>\n<div class=\"googlemaps\">\n\t\t\t\t<iframe loading=\"lazy\" width=\"880\" height=\"450\" frameborder=\"0\" scrolling=\"no\" marginheight=\"0\" marginwidth=\"0\"  src=\"https:\/\/www.google.com\/maps\/embed?pb=!1m12!1m8!1m3!1d7775.374368238609!2d-38.5167497!3d-12.991848599999999!3m2!1i1024!2i768!4f13.1!2m1!1sHot\u00e9is%20pr\u00f3ximo(s)%20a%20Col\u00e9gio%20Dois%20de%20Julho,%20Bahia!5e0!3m2!1spt-BR!2sbr!4v1415113171308\"><\/iframe>\n\t\t\t<\/div>\n<h2>Cuidados<\/h2>\n<p>Voc\u00ea est\u00e1 vindo para a Bahia, terra da alegria, da cultura, da m\u00fasica, da arte e de festa, mas \u00e9 preciso tomar alguns cuidados e prestar aten\u00e7\u00e3o em alguns detalhes. Abaixo uma lista de dicas para voc\u00ea aproveitar mais sua est\u00e1dia:<\/p>\n<p><strong>Hor\u00e1rio de ver\u00e3o<\/strong><br \/>\nAqui n\u00e3o tem hor\u00e1rio de ver\u00e3o, ent\u00e3o quando chegar lembre-se de atrasar uma hora no seu rel\u00f3gio.<\/p>\n<p><strong>Taxi<\/strong><br \/>\nDe segunda a sexta-feira a bandeira 2 come\u00e7a a partir das 21h, no s\u00e1bado as 14h e domingo \u00e9 bandeira 2 o dia todo. Fique ligado nisso que tem taxista esperto que liga a bandeira 2 no hor\u00e1rio errado quando percebe que est\u00e1 levando algu\u00e9m de fora da cidade.<\/p>\n<p><strong>O sol<\/strong><br \/>\nAqui \u00e9 quente, faz calor e o sol castiga as vezes, ent\u00e3o se voc\u00ea est\u00e1 vindo de uma regi\u00e3o mais fria e n\u00e3o est\u00e1 acostumado com o calor venha com roupas leves, se poss\u00edvel use bon\u00e9 quando estiver em locais descobertos e use protetor solar.<\/p>\n<p><strong>A comida<\/strong><br \/>\nA comida baiana \u00e9 muito saborosa e cheia de tempero, \u00e9 f\u00e1cil se empolgar e cair de boca (l\u00e1 ele) nas delicias da terrinha, mas cuidado, seu est\u00f4mago pode reagir de forma desagrad\u00e1vel ao tempero, ent\u00e3o n\u00e3o exagere principalmente se for pratos com dend\u00ea como moqueca por exemplo.<\/p>\n<p><strong>A pimenta<\/strong><br \/>\nSe for comer acaraj\u00e9 e a baiana perguntar se quer pimenta n\u00e3o d\u00ea uma de &#8220;porreta&#8221;, a pimenta da baiana arde bastante, pe\u00e7a pra colocar devagar <del>e com jeitinho<\/del> (l\u00e1 ele).<\/p>\n<p><strong>Malandros<\/strong><br \/>\nAqui como em toda regi\u00e3o do Brasil tem aquela turma que sempre quer dar uma de mais esperto, ent\u00e3o tenha bastante cuidado. Se deixar amendoim na sua mesa n\u00e3o coma se n\u00e3o quiser comprar, mesmo que digam que \u00e9 s\u00f3 para experimentar, porque se comer eles n\u00e3o v\u00e3o embora at\u00e9 voc\u00ea comprar. Se estiver na praia quando algum ambulante encostar pra vender queijo, caldo, amendoim e etc&#8230; fique de olho nas coisas que est\u00e3o na mesa, alguns deles tem mania de levar.<\/p>\n<p>Fitinha do Bonfim n\u00e3o \u00e9 free! Se tentarem colocar em seu bra\u00e7o n\u00e3o aceite, a menos que queira comprar, uma vez amarrada a fitinha j\u00e1 era, v\u00e3o te encher at\u00e9 voc\u00ea pagar.<\/p>\n<p><a href=\"https:\/\/2014.salvador.wordcamp.org\/inscricoes\/\" target=\"_blank\"> <img loading=\"lazy\" decoding=\"async\" data-attachment-id=\"202\" data-permalink=\"https:\/\/salvador.wordcamp.org\/2014\/inscricoes-abertas-participe-do-wordcamp-salvador-2014\/wordcamp-salvador-2014-inscreva\/\" data-orig-file=\"https:\/\/salvador.wordcamp.org\/2014\/files\/2014\/10\/wordcamp-salvador-2014-inscreva.jpg\" data-orig-size=\"600,100\" data-comments-opened=\"1\" data-image-meta=\"{&quot;aperture&quot;:&quot;0&quot;,&quot;credit&quot;:&quot;&quot;,&quot;camera&quot;:&quot;&quot;,&quot;caption&quot;:&quot;&quot;,&quot;created_timestamp&quot;:&quot;0&quot;,&quot;copyright&quot;:&quot;&quot;,&quot;focal_length&quot;:&quot;0&quot;,&quot;iso&quot;:&quot;0&quot;,&quot;shutter_speed&quot;:&quot;0&quot;,&quot;title&quot;:&quot;&quot;,&quot;orientation&quot;:&quot;0&quot;}\" data-image-title=\"wordcamp-salvador-2014-inscreva\" data-image-description=\"\" data-image-caption=\"\" data-large-file=\"https:\/\/salvador.wordcamp.org\/2014\/files\/2014\/10\/wordcamp-salvador-2014-inscreva.jpg\" src=\"https:\/\/2014.salvador.wordcamp.org\/files\/2014\/10\/wordcamp-salvador-2014-inscreva.jpg\" alt=\"wordcamp-salvador-2014-inscreva\" width=\"600\" height=\"100\" class=\"aligncenter size-full wp-image-202\" srcset=\"https:\/\/salvador.wordcamp.org\/2014\/files\/2014\/10\/wordcamp-salvador-2014-inscreva.jpg 600w, https:\/\/salvador.wordcamp.org\/2014\/files\/2014\/10\/wordcamp-salvador-2014-inscreva-300x50.jpg 300w, https:\/\/salvador.wordcamp.org\/2014\/files\/2014\/10\/wordcamp-salvador-2014-inscreva-500x83.jpg 500w\" sizes=\"auto, (max-width: 600px) 100vw, 600px\" \/><\/a><\/p>\n","protected":false},"excerpt":{"rendered":"<p>Localiza\u00e7\u00e3o O evento vai acontecer na Faculdade 2 de Julho, que fica situada na Avenida Leovigildo Filqueiras, n\u00ba 81, Garcia, Salvador, Bahia. Como chegar DO AEROPORTO: Se voc\u00ea est\u00e1 vindo de avi\u00e3o e vai direto para o evento temos duas op\u00e7\u00f5es para voc\u00ea chegar. Op\u00e7\u00e3o econ\u00f4mica: No terminal de \u00f4nibus do Aeroporto, pegue o \u00f4nibus &hellip; <a href=\"https:\/\/salvador.wordcamp.org\/2014\/sobre-o-evento\/guia-wordcamp-salvador\/\" class=\"more-link\">Continuar a ler<span class=\"screen-reader-text\">Guia WordCamp Salvador<\/span> <span class=\"meta-nav\">&rarr;<\/span><\/a><\/p>\n","protected":false},"author":1773513,"featured_media":0,"parent":52,"menu_order":0,"comment_status":"open","ping_status":"open","template":"","meta":{"_crdt_document":"","footnotes":""},"class_list":["post-420","page","type-page","status-publish","hentry"],"jetpack_shortlink":"https:\/\/wp.me\/PheUd1-6M","jetpack_likes_enabled":true,"jetpack_sharing_enabled":true,"_links":{"self":[{"href":"https:\/\/salvador.wordcamp.org\/2014\/wp-json\/wp\/v2\/pages\/420","targetHints":{"allow":["GET"]}}],"collection":[{"href":"https:\/\/salvador.wordcamp.org\/2014\/wp-json\/wp\/v2\/pages"}],"about":[{"href":"https:\/\/salvador.wordcamp.org\/2014\/wp-json\/wp\/v2\/types\/page"}],"author":[{"embeddable":true,"href":"https:\/\/salvador.wordcamp.org\/2014\/wp-json\/wp\/v2\/users\/1773513"}],"replies":[{"embeddable":true,"href":"https:\/\/salvador.wordcamp.org\/2014\/wp-json\/wp\/v2\/comments?post=420"}],"version-history":[{"count":10,"href":"https:\/\/salvador.wordcamp.org\/2014\/wp-json\/wp\/v2\/pages\/420\/revisions"}],"predecessor-version":[{"id":473,"href":"https:\/\/salvador.wordcamp.org\/2014\/wp-json\/wp\/v2\/pages\/420\/revisions\/473"}],"up":[{"embeddable":true,"href":"https:\/\/salvador.wordcamp.org\/2014\/wp-json\/wp\/v2\/pages\/52"}],"wp:attachment":[{"href":"https:\/\/salvador.wordcamp.org\/2014\/wp-json\/wp\/v2\/media?parent=420"}],"curies":[{"name":"wp","href":"https:\/\/api.w.org\/{rel}","templated":true}]}}